 3*k - 8 = m. Let o(f) = 7*f**2 + 10 + 4*f**2 - f**3 - 8 - k*f**2. Determine o(0).
2
Let k(z) = -8*z**2 + 8*z - 8. Suppose -36 = -5*t - 11. Let g(y) = -9*y**2 + 9*y - 9. Let b(m) = t*g(m) - 6*k(m). Calculate b(2).
9
Let t(g) = -2*g - 5. Suppose 3*w + 4*n = -32, w - 3 = -2*w + 3*n. Let v be t(w). Let i(p) = -10*p + 14*p - 7*p - v - p**2. What is i(-4)?
-7
Suppose 8 + 16 = -4*z. Let y(t) = t - 1. Let g(j) = j - 2. Let r(m) = z*y(m) + 3*g(m). Let a be r(-2). Let o(n) = -n**3 + 7*n**2 - 7*n + 8. What is o(a)?
2
Let m = -4 - -5. Let j(i) = -3*i - i**3 - 1 + m + 3*i**2. Let q = 19 + -16. Determine j(q).
-9
Let s(v) = -2*v**2 + 5*v + 10. Suppose -3*u + 2*c + 8 = 0, -33 = 4*u + 4*c - 57. What is s(u)?
-2
Let v(n) = 12*n + 73. Let c(x) = -4*x - 27. Let r(g) = -11*c(g) - 4*v(g). Determine r(1).
1
Suppose 4*z + 3*d = -6, 86*z + 4*d = 90*z + 20. Let h(l) = -l**2 - 5*l - 4. Determine h(z).
2
Let j(w) = -10*w**2 + 10*w + 22. Let u(r) be the first derivative of -r**3 + 3*r**2/2 + 7*r - 10. Let z(x) = 2*j(x) - 7*u(x). Give z(-4).
15
Suppose 3*z = 8*z - m + 192, z = m - 36. Let v = z + 39. Let a(n) = -n**2 + n - 9. Calculate a(v).
-9
Let g = -44 + 44. Let f(n) = g*n + 2*n - 3 + 0*n. Give f(3).
3
Let j(r) = 1628 - 808 + 9*r - 794. What is j(-3)?
-1
Suppose 0*x = -2*x + x. Let m(a) be the first derivative of -7*a - 2 + 0*a**2 - 1/3*a**3. What is m(x)?
-7
Let j(m) = 859*m**2 - 6 - 428*m**2 + 14*m - 430*m**2. What is j(-13)?
-19
Let y(j) = -2*j + 7. Let t(l) = -2*l + 9. Let s be (-3)/2*(-4)/(1*-2). Let u(z) = s*t(z) + 4*y(z). Let b = -2 - 0. Give u(b).
5
Let o be (-4 - (4 + -4))*1. Let w(t) = -t**2 - t - 1. Let j(m) = 3*m - 3*m**3 + 2*m**2 + 0*m**3 + 2*m**3. Let u(p) = j(p) + 6*w(p). Determine u(o).
6
Let z be (-2 - (5 + -10))/((-1)/(-2)). Let t = z - 3. Let w(x) = -3*x**3 - 4 + 4*x**3 - 2*x**3 + 4*x**2 - x. What is w(t)?
2
Let i(l) = -l**2 + 12*l - 20. Let h be i(2). Let c(a) = a**2 + a + 11. What is c(h)?
11
Let b(a) = a**3 + a + 5. Suppose -3*y - 52 = -4*f, 48 = 4*f + 3*y - 5*y. Let w be 1/(5/f) - 2. Determine b(w).
5
Let y(v) be the second derivative of -v**4/12 + v**3/2 - 2*v**2 + 11*v. Suppose -2*x - 6 = -12. What is y(x)?
-4
Let g(u) = -6*u**2 + 6*u - 12. Let v(n) = 5*n**2 - 6*n + 11. Let w(k) = 4*g(k) + 5*v(k). Give w(6).
7
Let i(f) be the first derivative of 5*f + 1/4*f**4 + 5 - 5/3*f**3 - 4*f**2. Suppose 9 = 2*z - 3. Calculate i(z).
-7
Suppose 2*j + c - 3*c - 46 = 0, -j + 2*c + 23 = 0. Let z(d) = -11*d - 11*d + j*d + 11. Calculate z(0).
11
Let i(d) = 15*d + 66. Let z(w) = -5*w - 22. Let s(v) = -3*i(v) - 8*z(v). Give s(-6).
8
Let k(d) = 333 - 161 - 195 - 2*d. Give k(-7).
-9
Let l(g) = -5*g - 3. Let u = -4 + 22. Suppose 12*q + u + 6 = 0. Calculate l(q).
7
Let s(k) = 3*k**2 - 11*k + 11. Let t be s(3). Let l(u) = 4*u - 10. Give l(t).
10
Suppose 0 = 6*x + 103 - 13. Let m(d) = d**2 + 14*d - 17. Determine m(x).
-2
Suppose -7*j = -5*p - 3*j - 42, -3*j + 9 = 0. Let c(t) = t**2 + 9*t - 2. Let n(l) = l**2 + 10*l - 2. Let h(b) = -5*c(b) + 4*n(b). What is h(p)?
-4
Let p(a) = -a + 5. Let b be p(0). Let g(x) = -1 + 2*x - b*x + 3 - x. Let u be g(1). Let m(k) = k**2 + 3*k. Determine m(u).
-2
Let c(t) be the third derivative of -t**4/12 - t**3 - 51*t**2 + 2. Let q(x) = x**3 + 4*x**2 + 3*x + 6. Let w be q(-4). Calculate c(w).
6
Let g(a) be the second derivative of 1/2*a**2 + 0 - 1/2*a**3 - 18*a. Calculate g(6).
-17
Suppose -5*q = -4*q + 4*c - 20, -q + 2*c + 2 = 0. Let m(g) = -g**2 + 11*g - 9. Give m(q).
15
Suppose -5*t + 12 = -n, 36 = 10*n - 5*n - t. Let w(r) = 2*r - 12. Calculate w(n).
4
Let w(h) be the second derivative of h**5/20 + 5*h**4/12 + h**3/3 - 5*h**2/2 + 39*h. What is w(-4)?
3
Let v(b) = -16*b**3 - 23*b**2 + 5*b - 27. Let g(d) = 3*d**3 + 4*d**2 - d + 5. Let m(q) = -11*g(q) - 2*v(q). What is m(3)?
-7
Let f(g) = 3*g - 2*g**2 + 9*g**2 - 8*g**2 + 1. Let h(u) = -2*u + 18. Let w be h(-6). Let j = 34 - w. Calculate f(j).
-3
Suppose m - 3 = 6. Let f(z) = 6. Let v(c) = 4*c + 18. Let k(s) = -3*s - 17. Let g(r) = -5*k(r) - 4*v(r). Let h(a) = m*f(a) - 4*g(a). Determine h(-4).
-14
Suppose 2*w - 5*w - 2*k = -119, -3*w + 154 = -5*k. Let x(n) = 84*n - 36*n + 2*n**2 - w*n + 3 - n**2. Give x(-6).
9
Let y = -33 - -37. Let h be (-6 + y - -1)*(-2 - 1). Let q(k) = -k**3 + 4*k**2 - k. Give q(h).
6
Let k(g) be the first derivative of -7*g**2/2 + 8*g - 719. What is k(1)?
1
Let w(o) = o**2 + 4*o - 398. Let b be w(18). Let m(l) = 5*l**2 - 2. Give m(b).
18
Let d(s) = s**2 - 12*s + 19. Let p be 1 - 63/(-9 + 2). Calculate d(p).
-1
Let q be (3*2)/(9/6). Let y(w) = 5*w - 117. Let g be y(24). Suppose o - q = g*i - i, 2 = o - i. Let j(d) = d**2 - 1. What is j(o)?
-1
Let x(q) = q**2 + 9*q + 6. Let d(g) = -g + 4. Suppose 9*o = 10*o - 10. Let h be d(o). What is x(h)?
-12
Let x(w) = w. Let p(d) be the first derivative of d - 18. Let b = 3 - 4. Let q(o) = b*x(o) - p(o). Determine q(-4).
3
Let j(c) = -3*c**2 - 3*c - 1. Let d be (-12)/(-16)*40/(-15). Give j(d).
-7
Let h(i) = 13*i**2 - 10*i + 104. Let u(p) = -7*p**2 + 4*p - 51. Let x(w) = -6*h(w) - 11*u(w). What is x(9)?
0
Let d(g) be the third derivative of -g**5/60 - 5*g**4/24 + 2*g**3/3 - 464*g**2. Calculate d(5).
-46
Let z(j) be the second derivative of -3/2*j**2 + 2/3*j**3 - 1/12*j**4 + 0 + 16*j. Let s = 0 - -2. What is z(s)?
1
Suppose 8*g + 56 - 8 = 0. Let l = 4 + g. Let q(z) = -3*z**2 - 3*z - 2. Determine q(l).
-8
Suppose t + 5 = 0, 0*x + 7 = -2*x - 3*t. Let p(u) = -u**3 + 5*u**2 + 4*u - 5. Determine p(x).
27
Let f(v) be the first derivative of 1/4*v**4 + 1 - 3*v + v**3 - 2*v**2. Let p be (-6)/(-4) - 935/170. Calculate f(p).
-3
Suppose 243 + 948 = 219*t - 561. Let j(o) = 0 - o + 0 + 11. Give j(t).
3
Let q = -18 + 26. Let j = q - 5. Let s(g) = -5*g**3 - 23*g**2 + g + 14. Let l(d) = 3*d**3 + 15*d**2 - d - 9. Let t(p) = -8*l(p) - 5*s(p). Calculate t(j).
-7
Let z(m) be the third derivative of m**6/120 - m**5/12 - m**4/12 - m**3/2 + 3*m**2 - 4. Calculate z(5).
-13
Let r(j) be the first derivative of -j**3/3 - 4*j**2 + 4*j + 119. What is r(-8)?
4
Let b = -1242 - -1252. Let f(j) = -j**2 + 9*j + 11. What is f(b)?
1
Let b(s) = -5*s - 7. Let h(w) = 14*w + 20. Let u(j) = 17*b(j) + 6*h(j). Let c(r) = -2*r + 2. Let g(q) = 3*c(q) - 5*u(q). Determine g(-8).
9
Suppose -2*j + 5 = -0*j + k, -5*j + 20 = k. Suppose -2*a = 1 - 9. Let q(h) = -3 + h**3 + 3 + h - a*h**2 - 5*h. Calculate q(j).
5
Let u = -39 - -43. Let i be (u/5)/(14/(-35)). Let y(a) = 8*a - 2. Give y(i).
-18
Let l(p) = -7*p + 14. Suppose -1 = t - 4. Let f(r) = -4*r + 7. Let n(x) = t*l(x) - 5*f(x). Let k be n(5). Let h(d) = 2*d**3 - 3*d**2 + 2*d - 3. Calculate h(k).
5
Let w(i) be the first derivative of 4*i**3/3 - i**2 + i + 10. Let m(f) = f**2 - f. Let p(j) = -3*m(j) + w(j). What is p(-1)?
1
Let i(z) = 11*z - 21. Let n(j) = -6*j + 4 + 27 - 10*j. Let y(d) = -7*i(d) - 5*n(d). Calculate y(6).
10
Let d(r) be the second derivative of 0 - 1/12*r**4 + r**3 + 2*r - 1/2*r**2. Suppose -f = -3 + 6, 0 = 3*n + 3*f. Calculate d(n).
8
Let p(q) = -q**3 - 11*q**2 - 11*q - 6. Suppose 97 = 2*l + 5*i, 319 = 4*l + 2*i + 101. Suppose 4 = -6*g - l. Let x be p(g). Let n(y) = 2*y - 6. Calculate n(x).
2
Let s(p) = 3*p - 7. Let k(q) = -4 + 2 + 3*q + 6*q. Let i be k(-2). Let r = i - -26. Determine s(r).
11
Let x(k) = k**3 - 41*k**2 - 8. Let g be x(41). Let q(z) = -z**3 - 7*z**2 + 9*z + 12. What is q(g)?
4
Let s(i) = 2*i - 4. Let g be s(4). Let z(u) = -21 + 9 + u**2 + 2 - 2*u**2 - 2*u**2. Let p(r) = -7*r**2 - r - 21. Let c(h) = g*p(h) - 9*z(h). Give c(-5).
1
Let f(w) = -2*w**2 + 4*w - 2. Let t(c) = -c + 3. Let b = -31 + 31. Let u be t(b). Determine f(u).
-8
Let a be 2 - (-20)/(-9) - (-6)/27. Let z be a + 2 - ((1 - 3) + 1). Let n(l) = 2*l + 4. Calculate n(z).
10
Let m(x) = 9*x - 13. Let n(j) = j**2 - 26*j + 41. Let w(t) = 7*m(t) + 2*n(t). Calculate w(-6).
-3
Let v(c) = c**3 + 6*c**2 + 5*c - 3. Let j be v(-5). Let y(l) be the third derivative of l**6/120 + l**5/12 - l**4/12 - l**3/3 - 2*l**2 + 1. What is y(j)?
22
Let g(i) = -4*i - 7. Let w be g(-2). Let p(q) = -4*q - 2 + 3 + w. Suppose 0 = -0*s + 5*s + 5, 2*c - 5*s - 11 = 0. What is p(c)?
-10
Let i be 3/((4/2)/14). Let r = i - 22. Let j(g) = g + 1. Calculate j(r).
0
Let b(z) = -z**3 - 3*z**2 - 2*z - 3. Let k(f) = -f - 9. Let g = -2 - 7. Let q be k(g). Suppose -3*y + q*y = 6. Giv